{"id":351,"date":"2021-07-29T08:50:11","date_gmt":"2021-07-29T06:50:11","guid":{"rendered":"https:\/\/praxis-gastro-lauf.de\/work\/?page_id=351"},"modified":"2021-09-05T12:18:08","modified_gmt":"2021-09-05T10:18:08","slug":"chronisch-entzuendliche-darmerkrankungen-ced","status":"publish","type":"page","link":"https:\/\/praxis-gastro-lauf.de\/work\/behandlungsspektrum\/chronisch-entzuendliche-darmerkrankungen-ced\/","title":{"rendered":"Chronisch entz\u00fcndliche Darmerkrankungen (CED)"},"content":{"rendered":"<p>[et_pb_section fb_built=&#8220;1&#8243; admin_label=&#8220;Hero&#8220; _builder_version=&#8220;3.22&#8243; background_color=&#8220;rgba(40,153,188,0.1)&#8220; custom_margin=&#8220;||||false|false&#8220; custom_padding=&#8220;0px|0px|0px|0px|true|false&#8220; bottom_divider_style=&#8220;wave2&#8243; bottom_divider_color=&#8220;#FFFFFF&#8220; bottom_divider_height=&#8220;85px&#8220; border_radii=&#8220;|15vw|||&#8220; border_width_bottom=&#8220;1px&#8220; border_color_bottom=&#8220;#efefef&#8220; global_colors_info=&#8220;{}&#8220;][et_pb_row column_structure=&#8220;1_2,1_2&#8243; _builder_version=&#8220;4.10.6&#8243; width=&#8220;100%&#8220; max_width=&#8220;100%&#8220; custom_margin=&#8220;|||&#8220; custom_margin_tablet=&#8220;||0px|&#8220; custom_margin_phone=&#8220;&#8220; custom_margin_last_edited=&#8220;on|desktop&#8220; custom_padding=&#8220;0|0px|27px|0px|false|false&#8220; hover_enabled=&#8220;0&#8243; use_custom_width=&#8220;on&#8220; width_unit=&#8220;off&#8220; custom_width_percent=&#8220;100%&#8220; global_colors_info=&#8220;{}&#8220; sticky_enabled=&#8220;0&#8243;][et_pb_column type=&#8220;1_2&#8243; _builder_version=&#8220;4.10.6&#8243; custom_padding=&#8220;6%||6%|12%&#8220; custom_padding_tablet=&#8220;50px|50px|50px|50px&#8220; custom_padding_phone=&#8220;|20px||20px|false|true&#8220; custom_padding_last_edited=&#8220;on|tablet&#8220; hover_enabled=&#8220;0&#8243; global_colors_info=&#8220;{}&#8220; padding_tablet=&#8220;50px|50px|50px|50px&#8220; padding_last_edited=&#8220;on|tablet&#8220; custom_padding__hover=&#8220;|||&#8220; sticky_enabled=&#8220;0&#8243;][et_pb_image src=&#8220;https:\/\/praxis-gastro-lauf.de\/work\/wp-content\/uploads\/2021\/05\/Darm_icon.svg&#8220; title_text=&#8220;Darm_icon&#8220; show_bottom_space=&#8220;off&#8220; _builder_version=&#8220;4.10.6&#8243; width=&#8220;150px&#8220; custom_margin=&#8220;50px||||false|false&#8220; custom_padding=&#8220;||||false|false&#8220; always_center_on_mobile=&#8220;off&#8220; global_colors_info=&#8220;{}&#8220;][\/et_pb_image][et_pb_text _builder_version=&#8220;4.9.10&#8243; text_font=&#8220;Montserrat|300|||||||&#8220; text_font_size=&#8220;16px&#8220; text_line_height=&#8220;1.8em&#8220; header_font=&#8220;||||||||&#8220; header_2_font=&#8220;|600|||||||&#8220; header_2_text_color=&#8220;#878786&#8243; header_2_line_height=&#8220;1.4em&#8220; header_3_font=&#8220;|600||on|||||&#8220; header_3_text_color=&#8220;#2899BC&#8220; header_3_font_size=&#8220;21px&#8220; header_3_line_height=&#8220;1.4em&#8220; header_6_font=&#8220;||||||||&#8220; header_6_text_color=&#8220;#878786&#8243; max_width=&#8220;600px&#8220; custom_margin=&#8220;||0px||false|false&#8220; custom_margin_tablet=&#8220;0px|50px||50px&#8220; custom_margin_last_edited=&#8220;off|desktop&#8220; custom_padding=&#8220;||||false|false&#8220; header_2_font_size_tablet=&#8220;&#8220; header_2_font_size_phone=&#8220;26px&#8220; header_2_font_size_last_edited=&#8220;on|phone&#8220; locked=&#8220;off&#8220; global_colors_info=&#8220;{}&#8220;]<\/p>\n<h3><strong>Chronisch entz\u00fcndliche Darmerkrankungen (CED)<\/strong><\/h3>\n<p>[\/et_pb_text][et_pb_text _builder_version=&#8220;4.10.6&#8243; text_font=&#8220;||||||||&#8220; text_text_color=&#8220;#000000&#8243; text_font_size=&#8220;18px&#8220; text_line_height=&#8220;1.8em&#8220; link_font=&#8220;||||||||&#8220; ul_font=&#8220;||||||||&#8220; ol_font=&#8220;||||||||&#8220; quote_font=&#8220;||||||||&#8220; header_font=&#8220;||||||||&#8220; header_2_font=&#8220;Montserrat|300|||||||&#8220; header_2_text_color=&#8220;#212d3b&#8220; header_2_font_size=&#8220;40px&#8220; header_2_line_height=&#8220;1.5em&#8220; header_6_text_color=&#8220;#000000&#8243; max_width=&#8220;600px&#8220; custom_margin=&#8220;||||false|false&#8220; custom_margin_tablet=&#8220;0px|50px||50px&#8220; custom_margin_last_edited=&#8220;off|desktop&#8220; custom_padding=&#8220;||||false|false&#8220; text_font_size_tablet=&#8220;&#8220; text_font_size_phone=&#8220;16px&#8220; text_font_size_last_edited=&#8220;on|phone&#8220; locked=&#8220;off&#8220; global_colors_info=&#8220;{}&#8220;]<\/p>\n<p>Die Diagnostik und Therapie von chronisch-entz\u00fcndlichen Darmerkrankungen (Colitis ulcerosa, Morbus Crohn) stellen einen Schwerpunkt unserer Praxis dar.<\/p>\n<p>Betroffene Patienten werden in unserer Praxis intensiv und langj\u00e4hrig betreut und erhalten die bestm\u00f6gliche, individuell auf ihre Bed\u00fcrfnisse zugeschnittene Therapie.<\/p>\n<p>Ist eine medikament\u00f6se Behandlung mit Infusionen notwendig, erhalten Sie diese in einem speziell f\u00fcr Sie eingerichteten Infusionsraum.<\/p>\n<p>[\/et_pb_text][\/et_pb_column][et_pb_column type=&#8220;1_2&#8243; _builder_version=&#8220;3.25&#8243; custom_padding=&#8220;|||&#8220; global_colors_info=&#8220;{}&#8220; custom_padding__hover=&#8220;|||&#8220;][et_pb_image src=&#8220;https:\/\/praxis-gastro-lauf.de\/work\/wp-content\/uploads\/2021\/09\/CED_web.jpg&#8220; title_text=&#8220;CED_web&#8220; force_fullwidth=&#8220;on&#8220; align_tablet=&#8220;center&#8220; align_phone=&#8220;&#8220; align_last_edited=&#8220;on|desktop&#8220; _builder_version=&#8220;4.10.6&#8243; custom_margin=&#8220;|||&#8220; custom_padding=&#8220;|||&#8220; border_radii=&#8220;|24vw|||24vw&#8220; border_color_all=&#8220;#0ee1f4&#8243; border_width_left=&#8220;2vw&#8220; border_color_left=&#8220;#2899BC&#8220; border_radii_tablet=&#8220;&#8220; border_radii_phone=&#8220;on|0vw|0vw|0vw|0vw&#8220; border_radii_last_edited=&#8220;on|tablet&#8220; border_width_left_tablet=&#8220;&#8220; border_width_left_phone=&#8220;0vw&#8220; border_width_left_last_edited=&#8220;on|phone&#8220; box_shadow_style=&#8220;preset4&#8243; box_shadow_horizontal=&#8220;-30px&#8220; box_shadow_spread=&#8220;-10px&#8220; box_shadow_color=&#8220;#941E45&#8243; box_shadow_spread_tablet=&#8220;-22px&#8220; box_shadow_spread_phone=&#8220;&#8220; box_shadow_spread_last_edited=&#8220;on|phone&#8220; box_shadow_color_tablet=&#8220;RGBA(0,0,0,0)&#8220; box_shadow_color_phone=&#8220;&#8220; box_shadow_color_last_edited=&#8220;on|tablet&#8220; global_colors_info=&#8220;{}&#8220;][\/et_pb_image][\/et_pb_column][\/et_pb_row][\/et_pb_section]<\/p>\n","protected":false},"excerpt":{"rendered":"<p>Chronisch entz\u00fcndliche Darmerkrankungen (CED)Die Diagnostik und Therapie von chronisch-entz\u00fcndlichen Darmerkrankungen (Colitis ulcerosa, Morbus Crohn) stellen einen Schwerpunkt unserer Praxis dar. Betroffene Patienten werden in unserer Praxis intensiv und langj\u00e4hrig betreut und erhalten die bestm\u00f6gliche, individuell auf ihre Bed\u00fcrfnisse zugeschnittene Therapie. Ist eine medikament\u00f6se Behandlung mit Infusionen notwendig, erhalten Sie diese in einem speziell f\u00fcr Sie eingerichteten Infusionsraum.<\/p>\n","protected":false},"author":1,"featured_media":0,"parent":50,"menu_order":0,"comment_status":"closed","ping_status":"closed","template":"","meta":{"_et_pb_use_builder":"on","_et_pb_old_content":"","_et_gb_content_width":"","footnotes":""},"class_list":["post-351","page","type-page","status-publish","hentry"],"_links":{"self":[{"href":"https:\/\/praxis-gastro-lauf.de\/work\/wp-json\/wp\/v2\/pages\/351","targetHints":{"allow":["GET"]}}],"collection":[{"href":"https:\/\/praxis-gastro-lauf.de\/work\/wp-json\/wp\/v2\/pages"}],"about":[{"href":"https:\/\/praxis-gastro-lauf.de\/work\/wp-json\/wp\/v2\/types\/page"}],"author":[{"embeddable":true,"href":"https:\/\/praxis-gastro-lauf.de\/work\/wp-json\/wp\/v2\/users\/1"}],"replies":[{"embeddable":true,"href":"https:\/\/praxis-gastro-lauf.de\/work\/wp-json\/wp\/v2\/comments?post=351"}],"version-history":[{"count":6,"href":"https:\/\/praxis-gastro-lauf.de\/work\/wp-json\/wp\/v2\/pages\/351\/revisions"}],"predecessor-version":[{"id":642,"href":"https:\/\/praxis-gastro-lauf.de\/work\/wp-json\/wp\/v2\/pages\/351\/revisions\/642"}],"up":[{"embeddable":true,"href":"https:\/\/praxis-gastro-lauf.de\/work\/wp-json\/wp\/v2\/pages\/50"}],"wp:attachment":[{"href":"https:\/\/praxis-gastro-lauf.de\/work\/wp-json\/wp\/v2\/media?parent=351"}],"curies":[{"name":"wp","href":"https:\/\/api.w.org\/{rel}","templated":true}]}}

Chronisch entzündliche Darmerkrankungen (CED)

<p>[et_pb_section fb_built=&#8220;1&#8243; admin_label=&#8220;Hero&#8220; _builder_version=&#8220;3.22&#8243; background_color=&#8220;rgba(40,153,188,0.1)&#8220; custom_margin=&#8220;||||false|false&#8220; custom_padding=&#8220;0px|0px|0px|0px|true|false&#8220; bottom_divider_style=&#8220;wave2&#8243; bottom_divider_color=&#8220;#FFFFFF&#8220; bottom_divider_height=&#8220;85px&#8220; border_radii=&#8220;|15vw|||&#8220; border_width_bottom=&#8220;1px&#8220; border_color_bottom=&#8220;#efefef&#8220; global_colors_info=&#8220;{}&#8220;][et_pb_row column_structure=&#8220;1_2,1_2&#8243; _builder_version=&#8220;4.10.6&#8243; width=&#8220;100%&#8220; max_width=&#8220;100%&#8220; custom_margin=&#8220;|||&#8220; custom_margin_tablet=&#8220;||0px|&#8220; custom_margin_phone=&#8220;&#8220; custom_margin_last_edited=&#8220;on|desktop&#8220; custom_padding=&#8220;0|0px|27px|0px|false|false&#8220; hover_enabled=&#8220;0&#8243; use_custom_width=&#8220;on&#8220; width_unit=&#8220;off&#8220; custom_width_percent=&#8220;100%&#8220; global_colors_info=&#8220;{}&#8220; sticky_enabled=&#8220;0&#8243;][et_pb_column type=&#8220;1_2&#8243; _builder_version=&#8220;4.10.6&#8243; custom_padding=&#8220;6%||6%|12%&#8220; custom_padding_tablet=&#8220;50px|50px|50px|50px&#8220; custom_padding_phone=&#8220;|20px||20px|false|true&#8220; custom_padding_last_edited=&#8220;on|tablet&#8220; hover_enabled=&#8220;0&#8243; global_colors_info=&#8220;{}&#8220; padding_tablet=&#8220;50px|50px|50px|50px&#8220; padding_last_edited=&#8220;on|tablet&#8220; custom_padding__hover=&#8220;|||&#8220; sticky_enabled=&#8220;0&#8243;][et_pb_image src=&#8220;https://praxis-gastro-lauf.de/work/wp-content/uploads/2021/05/Darm_icon.svg&#8220; title_text=&#8220;Darm_icon&#8220; show_bottom_space=&#8220;off&#8220; _builder_version=&#8220;4.10.6&#8243; width=&#8220;150px&#8220; custom_margin=&#8220;50px||||false|false&#8220; custom_padding=&#8220;||||false|false&#8220; always_center_on_mobile=&#8220;off&#8220; global_colors_info=&#8220;{}&#8220;][/et_pb_image][et_pb_text _builder_version=&#8220;4.9.10&#8243; text_font=&#8220;Montserrat|300|||||||&#8220; text_font_size=&#8220;16px&#8220; text_line_height=&#8220;1.8em&#8220; header_font=&#8220;||||||||&#8220; header_2_font=&#8220;|600|||||||&#8220; header_2_text_color=&#8220;#878786&#8243; header_2_line_height=&#8220;1.4em&#8220; header_3_font=&#8220;|600||on|||||&#8220; header_3_text_color=&#8220;#2899BC&#8220; header_3_font_size=&#8220;21px&#8220; header_3_line_height=&#8220;1.4em&#8220; header_6_font=&#8220;||||||||&#8220; header_6_text_color=&#8220;#878786&#8243; max_width=&#8220;600px&#8220; custom_margin=&#8220;||0px||false|false&#8220; custom_margin_tablet=&#8220;0px|50px||50px&#8220; custom_margin_last_edited=&#8220;off|desktop&#8220; custom_padding=&#8220;||||false|false&#8220; header_2_font_size_tablet=&#8220;&#8220; header_2_font_size_phone=&#8220;26px&#8220; header_2_font_size_last_edited=&#8220;on|phone&#8220; locked=&#8220;off&#8220; global_colors_info=&#8220;{}&#8220;]</p>
<h3><strong>Chronisch entzündliche Darmerkrankungen (CED)</strong></h3>
<p>[/et_pb_text][et_pb_text _builder_version=&#8220;4.10.6&#8243; text_font=&#8220;||||||||&#8220; text_text_color=&#8220;#000000&#8243; text_font_size=&#8220;18px&#8220; text_line_height=&#8220;1.8em&#8220; link_font=&#8220;||||||||&#8220; ul_font=&#8220;||||||||&#8220; ol_font=&#8220;||||||||&#8220; quote_font=&#8220;||||||||&#8220; header_font=&#8220;||||||||&#8220; header_2_font=&#8220;Montserrat|300|||||||&#8220; header_2_text_color=&#8220;#212d3b&#8220; header_2_font_size=&#8220;40px&#8220; header_2_line_height=&#8220;1.5em&#8220; header_6_text_color=&#8220;#000000&#8243; max_width=&#8220;600px&#8220; custom_margin=&#8220;||||false|false&#8220; custom_margin_tablet=&#8220;0px|50px||50px&#8220; custom_margin_last_edited=&#8220;off|desktop&#8220; custom_padding=&#8220;||||false|false&#8220; text_font_size_tablet=&#8220;&#8220; text_font_size_phone=&#8220;16px&#8220; text_font_size_last_edited=&#8220;on|phone&#8220; locked=&#8220;off&#8220; global_colors_info=&#8220;{}&#8220;]</p>
<p>Die Diagnostik und Therapie von chronisch-entzündlichen Darmerkrankungen (Colitis ulcerosa, Morbus Crohn) stellen einen Schwerpunkt unserer Praxis dar.</p>
<p>Betroffene Patienten werden in unserer Praxis intensiv und langjährig betreut und erhalten die bestmögliche, individuell auf ihre Bedürfnisse zugeschnittene Therapie.</p>
<p>Ist eine medikamentöse Behandlung mit Infusionen notwendig, erhalten Sie diese in einem speziell für Sie eingerichteten Infusionsraum.</p>
<p>[/et_pb_text][/et_pb_column][et_pb_column type=&#8220;1_2&#8243; _builder_version=&#8220;3.25&#8243; custom_padding=&#8220;|||&#8220; global_colors_info=&#8220;{}&#8220; custom_padding__hover=&#8220;|||&#8220;][et_pb_image src=&#8220;https://praxis-gastro-lauf.de/work/wp-content/uploads/2021/09/CED_web.jpg&#8220; title_text=&#8220;CED_web&#8220; force_fullwidth=&#8220;on&#8220; align_tablet=&#8220;center&#8220; align_phone=&#8220;&#8220; align_last_edited=&#8220;on|desktop&#8220; _builder_version=&#8220;4.10.6&#8243; custom_margin=&#8220;|||&#8220; custom_padding=&#8220;|||&#8220; border_radii=&#8220;|24vw|||24vw&#8220; border_color_all=&#8220;#0ee1f4&#8243; border_width_left=&#8220;2vw&#8220; border_color_left=&#8220;#2899BC&#8220; border_radii_tablet=&#8220;&#8220; border_radii_phone=&#8220;on|0vw|0vw|0vw|0vw&#8220; border_radii_last_edited=&#8220;on|tablet&#8220; border_width_left_tablet=&#8220;&#8220; border_width_left_phone=&#8220;0vw&#8220; border_width_left_last_edited=&#8220;on|phone&#8220; box_shadow_style=&#8220;preset4&#8243; box_shadow_horizontal=&#8220;-30px&#8220; box_shadow_spread=&#8220;-10px&#8220; box_shadow_color=&#8220;#941E45&#8243; box_shadow_spread_tablet=&#8220;-22px&#8220; box_shadow_spread_phone=&#8220;&#8220; box_shadow_spread_last_edited=&#8220;on|phone&#8220; box_shadow_color_tablet=&#8220;RGBA(0,0,0,0)&#8220; box_shadow_color_phone=&#8220;&#8220; box_shadow_color_last_edited=&#8220;on|tablet&#8220; global_colors_info=&#8220;{}&#8220;][/et_pb_image][/et_pb_column][/et_pb_row][/et_pb_section]</p>

<p>Chronisch entzündliche Darmerkrankungen (CED)Die Diagnostik und Therapie von chronisch-entzündlichen Darmerkrankungen (Colitis ulcerosa, Morbus Crohn) stellen einen Schwerpunkt unserer Praxis dar. Betroffene Patienten werden in unserer Praxis intensiv und langjährig betreut und erhalten die bestmögliche, individuell auf ihre Bedürfnisse zugeschnittene Therapie. Ist eine medikamentöse Behandlung mit Infusionen notwendig, erhalten Sie diese in einem speziell für Sie eingerichteten Infusionsraum.</p>
